0 - 13/2*y**2. What is the units digit of j(7)?
7
Suppose -2*x = -4*j + 3*x + 17, -4*x = -3*j + 13. Let c be 4/(-14) + 1248/7. Suppose -2*v + j*m = -c, -5*v + 2*m - 41 = -486. What is the tens digit of v?
8
Let u(v) = 10*v**3 + 6*v**2 - 9*v - 2. Let m be u(2). Suppose -3*s + m = -2*s + 3*p, -2*p = -6. What is the tens digit of s?
7
Let m be 2/(-8) - ((-120)/(-32) - 4). Suppose 3*a + 302 = 4*a - 4*s, 5*a - 3*s - 1527 = m. What is the tens digit of a?
0
Let o = 113963 - 75716. What is the units digit of o?
7
Suppose n + 321 = -3*a, -4*n + 5*a + 398 - 1597 = 0. Let h = n - -702. What is the units digit of h?
6
Let y(w) = w**2 - 18*w - 261. Let l be y(28). Suppose -4*n = -4*i - 1436, -15*n = -l*n + 3*i + 1436. What is the hundreds digit of n?
3
Suppose 0 = 3*k - k - 2*p + 480, k + 215 = -4*p. Let x = k - -395. Suppose 56 + x = 2*u. What is the units digit of u?
8
Let u be (-5)/2*(-9)/((-27)/(-30)). Suppose -2*j + u = 3*j. Suppose -3*r + 3*d - d = -190, j*d = 20. What is the units digit of r?
6
Suppose x = c + 391, 3*x + 4*c - 450 = 737. Let l = -118 + x. What is the hundreds digit of l?
2
Let q = -6285 - -6277. Let h(n) be the first derivative of n**3/3 - n**2 - 2*n + 2. What is the tens digit of h(q)?
7
Suppose 4*g = 4*i - 366488, -4*g + 353057 = 4*i - 13455. What is the units digit of i?
5
Let z = 26934 + -4752. What is the ten thousands digit of z?
2
Suppose 2*u - 430 = -4*w, 2*w = w + 5*u + 102. Suppose -8*q = -w - 61. What is the units digit of -7*(5 - (q + 5))?
7
Suppose v = -18*y + 14*y + 3896, -4*y + 3*v = -3880. What is the units digit of y?
3
Let l(t) = 86*t + 10. Let h(m) = 87*m + 11. Let q(j) = 4*h(j) - 5*l(j). What is the tens digit of q(-4)?
2
What is the units digit of 7*(-9)/((-567)/6) + (-309030)/(-18)?
9
Let s(p) = 46*p**3 + 7*p**2 - 53*p + 27. What is the units digit of s(4)?
1
Let a(p) = p**3 + 38*p**2 + 66. Suppose 36 = 3*w + 150. What is the units digit of a(w)?
6
Let d(k) = 11 - 128 + 5*k - 24*k - 63*k. What is the hundreds digit of d(-12)?
8
Suppose h - 23 = -17. Let a(t) = t**3 - 4*t**2 - 2*t + 3. Let i be a(h). Suppose -5*u + 130 = -5*m, -m = 2*u + 11 - i. What is the tens digit of u?
2
Suppose 0*r + 7*r = 3*r. Suppose -3*g + r*g = l + 6, 0 = 4*l - g - 15. Suppose 22 - 195 = -l*p + 2*q, -117 = -2*p + 3*q. What is the tens digit of p?
5
Let f = -268 + 304. Let g = f + 244. What is the tens digit of g?
8
Let u be 19/76 + 1/(-4). Suppose 0*j + 4*j - 8 = u. Suppose -4*v = b + 7, -j*b = -0*b + 3*v - 1. What is the units digit of b?
5
Let x be 38 - (-3 + -1)*1. Suppose -c = -5*y + x, 2*c + 24 = y + 7*c. What is the tens digit of (28 + -25)*y*1?
2
Suppose -m + 4*u = -179, 4*m - 5*u + 0*u = 727. Let a(p) = -30 + 19 + m*p + 12. What is the hundreds digit of a(1)?
1
Suppose 0 = -2*c + n + 2995, -4*n = -3*c - 5*n + 4505. Let z = c + -863. What is the tens digit of z?
3
Suppose 56*x - 241054 = 4*x + 1579830. What is the units digit of x?
7
Let v = -9162 - -15990. What is the thousands digit of v?
6
Let o(v) = v**2 - 12*v - 11. Let y be o(13). Suppose -r = -y*r. Suppose r = -7*j + 644 + 175. What is the hundreds digit of j?
1
Let y(h) = 615*h**2 - 24*h - 24. What is the ten thousands digit of y(-6)?
2
Let i(b) = -10 + 3*b + 8*b - b + b. Suppose -13 + 33 = 5*k. What is the units digit of i(k)?
4
Let c(s) = -18*s**3 - 7*s**2 + 33*s + 54. What is the ten thousands digit of c(-9)?
1
Let t(s) = 3*s**3 - 17*s**2 + 10*s - 6. Let l be t(8). Suppose b + 5*j - l = 0, -b - 3*j - 2065 = -5*b. What is the hundreds digit of b?
5
Suppose 3*x = 357258 - 21714. What is the units digit of 3/(-45) + x/120?
2
Suppose 31*s - 166533 = -3*v + 32*s, -5*v + 277527 = 3*s. What is the ten thousands digit of v?
5
Let q = 60564 + -38527. What is the tens digit of q?
3
What is the units digit of 20188/15 - (-36)/(-180) - (-10)/(-6)?
4
Let n(w) = w**3 - 23*w**2 + 21*w + 2. Suppose 7*v + 5*g = 3*v + 113, 3*v = 5*g + 41. Let s be n(v). What is the tens digit of 5/(s/(-36))*13?
1
Let t be (-2 - -9) + -11 + 8. Suppose -42 = -t*y - 3*y. What is the units digit of y?
6
Suppose 21*w - 23*w - 3380 = 0. Let g = w - -2458. What is the tens digit of g?
6
Let h(x) = 329*x + 3925. What is the thousands digit of h(-7)?
1
Suppose 15*k - 10*k = 60. Suppose f - k = -0. What is the units digit of (-1)/(-4) + (729/f - 2)?
9
Let s(r) = 125*r - 5 + r**2 - 59*r - 65*r. Let p be s(-3). What is the units digit of (-855)/(-30) - ((-2)/4 + p)?
8
Let p(g) = -222*g + 27. Let q be 3 + -11 + (-40)/(-10). What is the units digit of p(q)?
5
Let i(q) = -q**2 + 27*q - 55. Let h(z) = -14*z + 27. Let b(s) = -5*h(s) - 3*i(s). What is the units digit of b(10)?
0
Suppose -47*g - 16*g + 585987 + 226839 = 0. What is the tens digit of g?
0
Let a(m) = -m**3 - 10*m**2 - 40*m - 28. Let r be a(-11). Suppose 535*j - r*j - 1518 = 0. What is the units digit of j?
9
Suppose 46 - 59 = -w. Suppose 6270 = 6*z + w*z. What is the hundreds digit of z?
3
Suppose 4*n + 1684 = 4*b, -n + 8*b - 406 = 4*b. Let f = 823 + n. What is the tens digit of f?
9
Suppose 2*k + 36 = 2*a, 0 = 5*a - 8*a + 5*k + 46. Suppose a*w = 17*w + 1910. What is the units digit of w?
2
Let i(c) = c**2 + 1. Let d(y) = 5*y**2 - 3*y + 24. Let p(k) = d(k) - 4*i(k). Let w = 2674 + -2664. What is the units digit of p(w)?
0
Suppose 3*c + 4*h - 120758 = 0, -72*h + 70*h = -4*c + 160996. What is the units digit of c?
0
Let j(y) = y**3 + 12*y**2 + 8*y + 12. Let w be (8 + (-114)/12)*20/3. What is the tens digit of j(w)?
3
Let n(j) = 3*j**3 - 17*j**2 - 7*j - 4. Let f(h) = -3*h**3 + 16*h**2 + 9*h + 4. Let v(p) = 5*f(p) + 6*n(p). What is the tens digit of v(10)?
2
Let n(s) = s**3 + 2*s**2 - 102. Let q be n(-14). What is the hundreds digit of -2*(q/12 - 5)?
4
Suppose 2*h + 2*z = 1338, 2*z = -4*h + 1188 + 1498. Let d = -185 + h. What is the units digit of d?
9
Let s(i) = -3*i + 54. Let u be s(8). What is the units digit of ((-45)/u)/((10/372)/(-5))?
9
Suppose -4*g + o + 11244 = 0, -44*o - 14055 = -5*g - 43*o. What is the tens digit of g?
1
Suppose -1128*v = -1141*v + 133133. What is the tens digit of v?
4
Let m(k) be the second derivative of -923*k**5/20 - k**4/3 + k**2/2 + 10*k + 7. What is the units digit of m(-1)?
0
Let x be (-1 + 1/2)*40. Let z = x - 5. What is the units digit of (-20)/(((-10)/z)/(-1))?
0
Suppose 0 = 2*t + 2*l - 8, 0 = -2*t + 4*t + 5*l - 20. Suppose -14*f + 19*f + 420 = t. Let i = f - -179. What is the units digit of i?
5
Suppose 5*z - 7001 = -5*k + 8349, -z - 5*k + 3086 = 0. Suppose -5*d = -q - z, -3*d - 3*q + 1858 = q. What is the units digit of d?
4
What is the hundreds digit of 488*(-39)/1*((-28)/12)/7?
3
Suppose 787*t - 782*t = 27190. What is the tens digit of t?
3
Let j(p) = -19 + 9 - 11 + 13*p**2. What is the units digit of j(-4)?
7
Let p be 752/(-13) - 3/(117/6). What is the tens digit of (-6)/(-9) - (-8)/(-12) - p?
5
Suppose 0 = 3*l - 4*l + 92. Suppose -l + 134 = 7*j. What is the units digit of j?
6
What is the hundreds digit of (23/((-966)/187626))/((-2)/14)?
2
Let h = 235 - 2240. Let l = 3518 + h. What is the hundreds digit of l?
5
Let h be 2*(-1)/(-13) - 8122/403. What is the hundreds digit of 702 - h*(-16)/40?
6
Let u be (1/5)/((-6)/(-20))*-48. Let j = -44 - u. What is the hundreds digit of (1288/32)/(1 - (-9)/j)?
1
Let k = 21067 - 7278. What is the thousands digit of k?
3
What is the units digit of 25893/4 + (-96)/384?
3
Suppose -3*x - 32890 + 181192 = -5*g, 18 = -2*g. What is the units digit of x?
9
Let j(q) = -11*q**3 + 7*q**2 + 40*q + 41. What is the hundreds digit of j(-5)?
3
Let f(n) = 3*n**3 - 4*n + 10. Let d be ((-12)/8)/(-2*1/4). Let u be f(d). What is the tens digit of 3*(-1 - u/(-3))?
7
Let z(b) = 2433*b + 6583. What is the units digit of z(15)?
8
Let d be (-8289)/63 + (-8)/(-14). Let h = d + 374. What is the tens digit of h?
4
Let m(l) = l**3 + 22*l**2 + 15*l + 42. Let t be m(-22). What is the hundreds digit of ((-8)/(t/(-81)))/(1/(-96))?
2
Let r(k) = -2*k + 23. Let s be r(11). Suppose 5*t = -5*t + 940. What is the units digit of -1*((-1)/(-1) - s) + t?
4
Let h(k) = 6*k**2 + 0*k**3 + 14 + 0*k**3 - k - k**3 - 13*k - 35. What is the units digit of h(-9)?
0
What is the hundreds digit of (-388698)/(-42) - (-3 - -6)*(-20)/210?
2
Let m = -5813 + 9444. What is the units digit of m?
1
Let a(w) = 587*w**2 + 17*w - 36. What is 